*3 + 9*p**2 + 7*p + 6. What is f(d)?
-57
Let j(m) = -4*m - 32. Suppose 112 = -16*l - 32. Let n be j(l). Let s(o) = 3*o - 6. Calculate s(n).
6
Let x(q) = 22*q - 2. Let j(f) = -f**2 - 8*f + 8. Let r be j(1). Let o(w) = -2*w. Let i(n) = r*x(n) - 12*o(n). Calculate i(-3).
-4
Let x(v) = 3*v. Suppose 7*s - 4*s + 15 = 4*y, -4*y - 4*s = -36. Let t be -8*1*(-9)/y. Let c be t/4 - 0/(-1). Give x(c).
9
Let r(p) be the third derivative of -1/24*p**4 - 1/60*p**5 - 1/3*p**3 - 216*p**2 + 0*p + 0. What is r(0)?
-2
Let r = -2408 - -2413. Let k(d) = d**2 - 2*d - 19. What is k(r)?
-4
Let a(v) = 2*v. Let c(t) = -10*t. Let b(r) = -4*a(r) - c(r). Suppose 0 = -40*x + 36*x - 16. What is b(x)?
-8
Let q(c) = 7*c - 2. Let n be q(1). Let a(m) = m**2 - 5*m + 3. Let r be a(n). Suppose -14 = r*d - 5*k, -4*d + 4*k - 8 = 8*k. Let p(o) = 3*o - 4. Determine p(d).
-13
Let z(u) = 4*u + 17. Suppose -30 = 4*y + 9*a - 8*a, 2*a = 4*y + 24. Calculate z(y).
-11
Let v(i) = 3*i - 49234976 + 49234885 + 2*i. Determine v(20).
9
Let q(a) be the second derivative of a**3/6 - 3*a**2/2 - 2*a. Let f(d) = -d**3 - 25*d**2 + d + 47. Let j be f(-25). Suppose -j*x = -175 - 1. What is q(x)?
5
Let j(u) = u. Let r = -15 - -14. Let y(t) = 5*t + 1 + 3 - 210*t**2 + 211*t**2. Let v be y(r). Give j(v).
0
Let k(r) = -12*r**2 - 29*r**3 + 116*r**3 - 12 - 2*r - 85*r**3. Give k(6).
-24
Let z(g) = -8*g - 7. Let u be 8*((4 - 7) + 4) - 11. Give z(u).
17
Let v(i) be the third derivative of -i**4/4 + i**3/2 - 7*i**2. Let s = -467 + 469. Give v(s).
-9
Let z(q) = -24*q**2 + 14*q + 5. Let s(c) = 7*c - 5*c**2 - c**2 - 5*c**2 + 3. Let f(y) = -13*s(y) + 6*z(y). What is f(-8)?
-17
Let l(o) = -o**2 + 5*o + 20. Suppose -122*q = -1005 + 273. Determine l(q).
14
Let t(n) be the second derivative of n**5/4 - 2*n**4/3 + 11*n**3/6 - n**2 + 3*n + 170. What is t(2)?
28
Let k = 225 - 220. Let v(a) = -2*a + 1. Let x be -3 - 4/((-12)/27). Let h(n) = 1. Let y(m) = x*h(m) + v(m). What is y(k)?
-3
Suppose l - 7 = -4*a, -1 = -4*l - 3*a - 12. Let o be (3 - 11)/1 - l. Let x(n) = n**2. Determine x(o).
9
Let o(g) = -6*g + 79 - 5*g - 13 + 8*g. Let t be o(20). Let c(d) = d**2 - 9*d + 9. Determine c(t).
-9
Let b(d) = -d**3 - 3*d**2 + 4*d + 2. Let g be b(-4). Let x be 4/((-40)/75)*4/(-6). Let n(s) = -s**g - s + 4*s - x*s - s - 1. Determine n(-4).
-5
Let c(x) = 5*x - 17. Let w be c(5). Let s(i) = -2*i**2 + 0*i**2 - w*i**2. Let k be (-4)/(-8) - (5/2 - 1). Calculate s(k).
-10
Let o(w) = -7*w**3 + 2*w**2 + w. Let g(n) = -n + 2. Let h = -108 + 106. Let c be g(h). Suppose 5*a + 3 = 2*r, 4*r + 9 = -c*a + 1. Give o(a).
8
Let z(i) = 3 - 640*i + 620*i + 17. Give z(2).
-20
Let h = 23937 - 23940. Let d(z) be the third derivative of -z**6/120 - z**5/20 + z**4/24 - z**3/6 - 2*z**2. Give d(h).
-4
Suppose 6*y - 11*y + 10 = 0. Let l(n) = -43*n**3 + 17*n**3 + n + 4*n**y - 8 + 27*n**3. What is l(-3)?
-2
Let s(x) = 0*x + 5*x**2 + 5*x - 5 - x**3 + 0*x. Let w(a) = 3*a - 117. Let v be w(40). Let f(g) = 2*g**3 - 6*g**2 + 6*g - 12. Let q be f(v). Determine s(q).
-11
Let f(b) = 4*b**3 - 8*b**2 + 18*b + 15. Let d(h) = -11*h**3 + 27*h**2 - 52*h - 43. Let l(p) = 3*d(p) + 8*f(p). What is l(16)?
55
Let p(l) be the first derivative of l**4/4 - l**2 + 8*l + 301. What is p(-3)?
-13
Let m(x) = -8*x + 5 + x**2 - 5 + 5 + 2. Let w(s) = 4*s**2 - s - 16. Let j be w(-2). Suppose 0 = -p + j*p - 5. Determine m(p).
-8
Suppose 0 = -4*d + 2*v + 20, -2*d + 4*v = -v + 6. Suppose d*g - 6*g = -3. Let o(n) be the second derivative of n**3/6 + n**2 - 25*n. What is o(g)?
-1
Let r(l) = l**3 - 8*l**2 + 1. Let i = -47 + 62. Let m = 4 - 11. Let z = m + i. Give r(z).
1
Let j(p) = 3*p + 176. Let g be j(-32). Let k(z) = -4 + 9*z + 46*z**2 + 35*z**2 - 4 - 3 - g*z**2. Determine k(-8).
-19
Let v = 644 + -317. Let r(h) = h**2 - v + 0*h + 320 + 6*h. Calculate r(-6).
-7
Let n(x) = x**2 - 131*x + 1841. Let h be n(16). Let a(u) = -5*u**3 - 3*u**2 + 24*u - 22. Give a(h).
-6
Let d(n) be the first derivative of n**4/4 + n**3 - n**2 + n + 2. Suppose -7*k - 67 = -2859*b + 2860*b, 4*b + 4*k = -52. Give d(b).
-7
Let k(z) = -12*z**2 - 4 + 24*z**2 - 11*z**2 - 4*z**3 + 3*z**3 + 18. Suppose 0 = -0*c - 2*c. Determine k(c).
14
Let m = 75 + -61. Let r = 23 - m. Let x(t) be the third derivative of -t**4/8 + 13*t**3/6 + 36*t**2. Determine x(r).
-14
Let l(u) = -19*u + 169. Let s(c) = -c - 2. Let b(k) = l(k) - 5*s(k). Determine b(12).
11
Let x(g) = 10*g + 70. Let b(t) = 5*t + 36. Let j(i) = 13*b(i) - 6*x(i). What is j(-8)?
8
Let b(m) = m**2 - 6*m + 15. Suppose 0 = 5*k - 20, -186 = 2*v + 4*k - 212. Determine b(v).
10
Let x(v) = 5*v**3 - 2*v**2 - 2*v - 1. Let i(m) = -m**2 - 2*m + 8. Let t be i(0). Suppose -4*z + 12 = -t. Let n = z + -6. Determine x(n).
-6
Let j(v) = v**2 - 9*v + 39. Let h be (-42 - -41)/((2 + 0)/(-12)). Give j(h).
21
Let a(p) = p**2 - 3*p - 4. Let k(q) = 18*q**2 + 20*q - 12. Let m be k(2). Suppose 38*o - 128 - m = 0. Give a(o).
14
Let o(x) = -x**2. Let w = 64 - 59. Let v(j) = 2*j - 8. Let z be v(w). Let g(r) = -3*r**2 + 6*r + 4. Let y(c) = z*o(c) - g(c). Calculate y(7).
3
Let b(v) = -2*v**2 - 6*v + 11. Suppose -23 = -n + 4*g, 7*g = -5*n + 3*g + 43. Let q(r) = -5*r**2 - 17*r + 31. Let k(o) = n*b(o) - 4*q(o). Determine k(2).
-7
Let n be (-6)/(-15) + 14/(-35). Let v(s) = n*s - 2*s + 1 + 18*s - 2*s. What is v(1)?
15
Let i(s) = -s**2 - 3*s + 6. Let m be ((-1)/(-4))/(2/56). Suppose 3*d - m = 11. Suppose -2*n = o + 7, 0 = -4*o - n + d*n - 15. Give i(o).
-4
Let v = -544 + 532. Let c be (6/20*v)/(2/(-5)). Let s(d) = -d**2 + 8*d - 2. What is s(c)?
-11
Let r(g) be the third derivative of g**7/840 - 7*g**6/720 + g**5/15 - 25*g**4/4 + 24*g**2 - 3. Let d(k) be the second derivative of r(k). Give d(2).
6
Let z(m) be the third derivative of -11*m**4/24 + m**3 - 2*m**2 + 297*m. Calculate z(-1).
17
Let x(u) = u**3 - 5*u**2 - 7*u + 10. Let h = 30 - 24. Let l be x(h). Suppose -11 = -l*v + 13. Let s(m) = -m + 10. What is s(v)?
4
Let c be 1586/610 + (12/5 - 2). Let j(m) = -2*m**3 - 3*m**2 + m + 3. What is j(c)?
-75
Let l(w) be the first derivative of 9 - 10*w - 1/12*w**4 - 4/3*w**3 + 3/2*w**2. Let x(o) be the first derivative of l(o). What is x(-8)?
3
Let i be 120/(-32) - (-10)/(-8). Let z(n) = 2*n + 3. Suppose -b = 2*b - 18. Let h(g) = -2*g - 3. Let c(p) = b*h(p) + 5*z(p). Give c(i).
7
Let j(k) = -3*k**2 - 3*k + 7. Let c(y) = 2*y**2 + 2*y - 5. Let s(h) = -4*c(h) - 3*j(h). Determine s(0).
-1
Let o(m) = -1519*m**3 - 9*m**2 + 1516*m**3 + 5*m**2 + 2 - 35*m + 35*m. Let y be -1 + -4 + (1 - -1). Give o(y).
47
Let l(p) = 5*p - 42. Let k = 3625 + -3615. Calculate l(k).
8
Let r(p) = -p**2 - 10*p. Suppose 0 = -z, b - 107 = -z - 12. Let x = 85 - b. Determine r(x).
0
Let j(i) = -4*i - 467. Let m(q) = -q - 107. Let b(h) = 4*j(h) - 18*m(h). Give b(-31).
-4
Let c(i) = -18*i + 29. Let s = 15094 - 15087. Give c(s).
-97
Let d be (-1)/(-1) + 27 + -9. Let m = 9 + d. Let q = 26 - m. Let u(t) = t**2 - t - 1. Calculate u(q).
5
Let x be -25 + -20 + 9 + 36. Let h(b) = -b - 2. Calculate h(x).
-2
Let c(s) = 4*s**2 - 2. Let f be c(-1). Let q(o) = o**2 - 10*o - 5. Let k(j) = 3 - 19 - 20*j - 10*j + 3*j**2. Let u(m) = f*k(m) - 7*q(m). Give u(10).
3
Let n(h) = 6*h - 1. Let k(c) = 2*c**3 - 3*c**2 + 4. Let v be k(2). Let t(f) = 10*f - 1. Let i(l) = v*n(l) - 5*t(l). What is i(4)?
-11
Let v(b) = -2*b**3 - 3*b**2 - 2*b + 1. Let a(q) = 27*q - 61*q + 12 + 28*q. Let o be a(0). Suppose o*j = 15*j + 6. What is v(j)?
9
Suppose -t + 2 = -2*t. Let x be t*(-2)/(-12) + (-20)/3. Let g(k) be the second derivative of -k**5/20 - 7*k**4/12 - k**3/3 - 9*k**2/2 + 267*k. Give g(x).
5
Let p(a) = 3249 - 1090 - a**2 - 1079 - 1087 + 14*a. Let n be 4/((15/(-9))/(-5)). Calculate p(n).
17
Let h = 2772 - 2778. Let s(w) = w**3 + 5*w**2 + 3*w + 5. What is s(h)?
-49
Suppose -38*j + 30*j = 24. Let s(z) be the third derivative of -z**4/12 - z**3 - 3*z**2 + 16*z. Determine s(j).
0
Let g(q) = 3*q**2 - 38*q - 26. Let n be 32 + (-17 - (-9 + 10)). Give g(n).
30
Let u(s) = s**3 - 13*s**2 - 36*s + 95. Let p be u(15). Let n(b) = -25*b + 70. Give n(p).
-55
Let k(z) = -12*z - 38. Let i be (12/4 - 3)/(-4) + -4. Determine k(i).
10
Let c(f) = -f**3 - 35*f**2 - 147*f + 27. Let v be c(-5). Let a(k) = 25*k - 293. What is a(v)?
7
Let n(w) = w**3 - 16*w**2 + 37*w + 26. Suppose -5*r + 35 = 5*j, -2*j + 125 = -5*r + 69. Cal